 What are the prime factors of 15052/265*(-35)/l?
2, 7, 71
Suppose 2806*j + 142048 = 3*f + 2801*j, 2*j = 4*f - 189388. List the prime factors of f.
2, 3, 13, 607
Let m(a) = 35*a - 91. Let p be m(3). Suppose 0 = -p*o - 3*o + 17051. List the prime factors of o.
17, 59
Let s(a) = -3*a**2 + 26*a - 29. Let d be s(7). What are the prime factors of ((-30)/d)/5 - (-850)/2?
2, 53
Let i be (0 + 44)/(11/22). Let b = 85 - i. What are the prime factors of 1 + 8/(-2) + (-480)/b?
157
Suppose -10*t + 74 + 246 = 0. Suppose -3*r = -r. Suppose r*j + 46 = 3*a + 2*j, -j = 2*a - t. List the prime factors of a.
2, 3
Suppose 29*v - 335456 = 389380 - 160409. What are the prime factors of v?
19463
Let d(l) = l**2 - 12*l + 2. Let m be d(12). Suppose -g - m*w + 12 = 0, 2*g - 5*w = 21 + 3. What are the prime factors of 5 + ((-3)/g - 36/(-16))?
7
Suppose 96*l = 1888609 + 478943. List the prime factors of l.
2, 11, 19, 59
Let f = -38 - -42. Suppose -1 = -f*x + 15. Suppose -k = x*g + g - 420, 2*k = 5*g - 435. List the prime factors of g.
5, 17
Let a = -562 - -585. Suppose 24*s - 639 = a*s. What are the prime factors of s?
3, 71
Suppose 5*d - 20 = 0, 2*l - 3*d + 17 = 3*l. What are the prime factors of (-33165)/(-225) + (-2)/l?
3, 7
Let q(t) = 2*t + 32. Let h be q(-15). Suppose -3*x + 332 - 35 = -5*v, 0 = h*v + 6. List the prime factors of x.
2, 47
Let q(o) = 2392*o - 67. Let f be q(14). What are the prime factors of (1 - 14/12) + f/114?
293
Let m(c) = 3*c**3 + 12*c**2 - c + 11. Let k be m(-6). Let o = k + 632. What are the prime factors of o?
433
Let z(g) = 7*g**3 + 18*g**2 + g - 27. Let h = 32 - 31. Let p(y) = -y**3 - y**2 - y. Let v(x) = h*z(x) + 6*p(x). List the prime factors of v(-12).
3, 11
Let d(g) = 7*g**3 - 23*g**2 + 73*g - 23. What are the prime factors of d(15)?
2, 43, 227
Suppose -713 = -5*b - 3*x, 0 = 2*b - 3*x - 182 - 99. Suppose -2*d - 94 = -3*a, -5*a - 3*d + b = d. List the prime factors of (-73)/((-1)/(-1))*(a + -31).
73
Suppose -1 = -2*c - 73. Let j = 4 - 14. Let f = j - c. List the prime factors of f.
2, 13
Let y be 4/((-64)/(-82440)) - (-2)/4. Suppose 2*a + 8918 = 5*k, a - 3768 = -5*k + y. Suppose -1528 = -12*c + k. List the prime factors of c.
2, 3, 23
Suppose -l + 3*s + 3 = 126, -4 = -2*s. Let r = 154 + l. List the prime factors of r.
37
Let p = -69376 - -109312. What are the prime factors of p?
2, 3, 13
Suppose 2*f - 5*m - 104 = 1081, -m = 5*f - 2949. Suppose 5*j - 3006 = 4*z, z + f = j + 3*z. List the prime factors of j.
2, 13, 23
Let r(k) be the third derivative of -k**7/1260 + 7*k**6/180 + k**5/60 - 9*k**2. Let v(g) be the third derivative of r(g). List the prime factors of v(-11).
2, 3
Suppose j - 5*k - 1390 = 0, j - 4*k = 4*j - 4208. Suppose -4*i - 3*t = i - j, t - 5 = 0. What are the prime factors of i?
277
Suppose -595948 = -42*n + 589880. List the prime factors of n.
2, 19, 743
Suppose -5*s = -y - 21, -5*s + 0*s - 2*y + 33 = 0. Suppose 5*l - 12 = s*o + 13, 4*l - 24 = 5*o. Let d = l + 64. List the prime factors of d.
5, 13
Let a = 14 + -11. Let y be 10/a - 35/(-21). Suppose -y*f + 199 = -6. List the prime factors of f.
41
What are the prime factors of -12 - (-3635316)/54 - 8/(-6)?
2, 5, 53, 127
Let o be ((-24)/16)/(2/(-20)). Suppose -o = -5*a, -4*i - a + 2798 = a. What are the prime factors of i?
2, 349
What are the prime factors of 7/((-280)/(-3072))*(-4 - 912/(-18))?
2, 7
Let w = 14 - 10. Suppose -438 + 1966 = 8*d. Suppose -d = -k + 5*y, w*k = y + 2*y + 747. List the prime factors of k.
2, 3, 31
Let f be ((-1)/2)/(-7 - (-91314)/13044). Let x = -754 - f. Let k = 469 - x. What are the prime factors of k?
2, 17
Suppose 95*t - 9850 = 90*t. Suppose 15*x + 5 - t = 0. What are the prime factors of x?
131
Suppose 0 = -5*p - z + 47 - 12, 0 = -p + 3*z + 7. Suppose y - 4808 = -p*y. What are the prime factors of y?
601
Let y(a) = 16318 - 9*a**2 - 11*a - 16307 + 32*a**2 - a**3. What are the prime factors of y(22)?
11, 23
Let u(w) be the third derivative of w**6/120 + w**5/3 + 5*w**4/8 + 7*w**3/3 + w**2 + 24. What are the prime factors of u(-11)?
2, 7, 67
Suppose c = 32 + 32. Suppose c = -4*o + 928. List the prime factors of o.
2, 3
Let p = 1194 + 1093. List the prime factors of p.
2287
Let n(p) be the first derivative of -33*p**2/2 - 51*p - 16. Let j(b) = 16*b + 25. Let d(h) = 9*j(h) + 4*n(h). What are the prime factors of d(4)?
3, 23
Suppose 9*d + 4*d + 98810 - 415165 = 0. List the prime factors of d.
5, 31, 157
Let y(g) = 0*g - 8 + 10 - g + 0. Let v be y(3). What are the prime factors of 16/32*(-138)/v?
3, 23
Suppose -785 = 46*w - 41*w. Let o = 44 - w. List the prime factors of o.
3, 67
Let s = 41 + -34. Let u(a) = 139*a - 56. What are the prime factors of u(s)?
7, 131
Let t(u) = 890*u + 5453. What are the prime factors of t(21)?
7, 3449
Let i(j) = -j**3 + 10*j**2 - j - 21. Let a be i(9). Suppose 112 = -c + 3*c - 4*g, c = 3*g + a. Suppose -c = -p - 0*p. List the prime factors of p.
2, 3, 11
Suppose -9*k = -4*k + 2*z, 5*k + 4*z = -10. Let b be k*-5*(17 - 18). Suppose -b = a - 58. What are the prime factors of a?
2, 3
Suppose 0 = 23*h - 84143 - 1227386. What are the prime factors of h?
127, 449
Let i(t) = -t**2 + 14*t - 10. Let g be i(12). What are the prime factors of ((-2708)/g)/(7*4/(-98))?
677
Suppose 0 = 16*t - 551 - 377. Suppose t*d + 2808 = 60*d. List the prime factors of d.
2, 3, 13
Let g = 613 - 540. Suppose -g*r + 57596 = 4*r. List the prime factors of r.
2, 11, 17
Let o(h) = 4*h + 12. Let j be o(7). Suppose 3*y = 2*p - 4*p - j, 0 = -3*p + 2*y - 34. Let v = 41 + p. List the prime factors of v.
3
Let o(y) = -1102*y - 311. List the prime factors of o(-3).
5, 599
Let n = -66 - -87. Suppose 8*u - n*u + 13 = 0. What are the prime factors of (5/(-10))/(u/(-296))?
2, 37
Let t be (0 + 3)*1623*(-1)/(-9). Let l = t - 383. Suppose 86 = h + 4*o - l, -2*o = -3*h + 732. What are the prime factors of h?
2, 61
Let f = 2810 - 449. Let x = -1684 + f. What are the prime factors of x?
677
Let o be 5 - (1 + 2) - -3*2. Let c = -5 + o. Suppose c*t - 164 - 157 = 0. List the prime factors of t.
107
Let y = 82 + -62. Let s = -16 + y. What are the prime factors of (-1)/s + (-11305)/(-68)?
2, 83
Suppose 124754 - 11466 = 7*s. Suppose -s = -17*w - 17*w. List the prime factors of w.
2, 7, 17
Suppose -3*o + 5*o = 2*c - 28486, -3*c - 2*o + 42759 = 0. List the prime factors of c.
14249
Suppose -74*k + 1767126 = 719952. List the prime factors of k.
3, 53, 89
Suppose -11*f = -5*f - 318. Let p(b) = 15 + f*b - 65*b + 5 + 27. List the prime factors of p(-15).
227
Suppose 0 = -2*o - 3*m + 3, 0 = -5*o + 4*m - 0*m + 19. Suppose o*f - 1177 = 1010. List the prime factors of f.
3
Let w(n) = -n + 8. Let j be w(6). Suppose 2*k = j*f - 336, -k + 43 = 2*f - 281. List the prime factors of f.
2, 41
Suppose 0 = -3*n - 0*l - 3*l + 465, 2*l = -5*n + 781. Suppose -n = -x - 2*w, 0 = 4*x - 2*w + 130 - 778. List the prime factors of x.
7, 23
Let b = 75 - 38. Suppose b*s - 43*s = -6048. List the prime factors of s.
2, 3, 7
Suppose -22045 - 14002 = -3*k - 4*l, 2*l = k - 12039. What are the prime factors of k?
5, 13, 37
Let k = 29 + -44. Let u be -44 + ((-6)/k)/(3/(-15)). What are the prime factors of 6/(-4)*u/3?
23
What are the prime factors of (2/(-15) - (-26404)/4830)*20106/4?
2, 3, 1117
Let o be (-4)/(-26) + 3 + 123/(-39). Suppose -2*l - 4*d = -228, l + 3*l + d - 470 = o. List the prime factors of l.
2, 59
Suppose -4 = -122*i + 121*i. Suppose -3*r + i*n + 944 = -944, -2*r = 3*n - 1236. List the prime factors of r.
2, 3, 13
List the prime factors of -6 + (10 - 6)/((-4)/(-3)) - -12331.
2, 23, 67
Let m = 19784 + -18955. What are the prime factors of m?
829
Suppose 23 = h - 3*t + 77, 4*h + 5*t + 216 = 0. Let i = h + 57. Suppose -i*q + 257 = 4*s, 3*q - q = s + 175. What are the prime factors of q?
3, 29
Suppose 0 = 70*t - 76*t + 37152. List the prime factors of t.
2, 3, 43
Let g be -8 + 9/((-18)/(-69470)). What are the prime factors of 3/8 - g/(-88)?
5, 79
Let c(o) = 224*o**2 + 67*o - 390. What are the prime factors of c(6)?
2, 3, 673
Let u(c) = 17*c**2 - c + 3. Let a be (-2)/(-6) + -44*(-1)/12. List the prime factors of u(a).
271
Let w(b) = -8*b - 265. Let m be w(-33). What are the prime factors of ((-6)/(-9))/m - 24490/(-15)?
2, 3, 17
Suppose 11*q + 2124 = 463. Let d = q + 206. List the prime factors o